{"id":185,"date":"2024-04-05T17:43:53","date_gmt":"2024-04-05T23:43:53","guid":{"rendered":"https:\/\/parroquiadepuertodenieto.org\/parroquia\/?page_id=185"},"modified":"2024-04-05T18:03:24","modified_gmt":"2024-04-06T00:03:24","slug":"confirmacion-y-primera-comunion","status":"publish","type":"page","link":"https:\/\/parroquiadepuertodenieto.org\/parroquia\/index.php\/servicios-parroquiales\/confirmacion-y-primera-comunion\/","title":{"rendered":"Confirmaci\u00f3n y Primera Comuni\u00f3n"},"content":{"rendered":"\n<p class=\"has-large-font-size\"><strong>Requisitos para Confirmaci\u00f3n y Primera Comuni\u00f3n<\/strong>:<\/p>\n\n\n\n<p><\/p>\n\n\n\n<ul class=\"wp-block-list\">\n<li>Cumplir con la formaci\u00f3n de catequesis del libro #6 y #9 respectivamente.<\/li>\n\n\n\n<li>En caso de no pertenecer a esta parroquia deber\u00e1 presentar comprobante de asistencia a la catequesis en su respectiva parroquia y permiso de su p\u00e1rroco, para poder recibir el sacramento.<\/li>\n<\/ul>\n\n\n\n<p><\/p>\n\n\n\n<p>Costo de boleta Confirmaci\u00f3n o Primera Comuni\u00f3n: $200<\/p>\n\n\n\n<p><\/p>\n\n\n\n<p>Para m\u00e1s informaci\u00f3n contacte a la Notar\u00eda Parroquial <a href=\"https:\/\/parroquiadepuertodenieto.org\/parroquia\/index.php\/contacto\/\" data-type=\"page\" data-id=\"13\">AQUI.<\/a><\/p>\n","protected":false},"excerpt":{"rendered":"<p>Requisitos para Confirmaci\u00f3n y Primera Comuni\u00f3n: Costo de boleta Confirmaci\u00f3n o Primera Comuni\u00f3n: $200<span class=\"more-dots\">&#8230;<\/span><\/p>\n","protected":false},"author":1,"featured_media":0,"parent":119,"menu_order":0,"comment_status":"closed","ping_status":"closed","template":"","meta":{"footnotes":""},"class_list":["post-185","page","type-page","status-publish","hentry","no-post-thumbnail"],"_links":{"self":[{"href":"https:\/\/parroquiadepuertodenieto.org\/parroquia\/index.php\/wp-json\/wp\/v2\/pages\/185","targetHints":{"allow":["GET"]}}],"collection":[{"href":"https:\/\/parroquiadepuertodenieto.org\/parroquia\/index.php\/wp-json\/wp\/v2\/pages"}],"about":[{"href":"https:\/\/parroquiadepuertodenieto.org\/parroquia\/index.php\/wp-json\/wp\/v2\/types\/page"}],"author":[{"embeddable":true,"href":"https:\/\/parroquiadepuertodenieto.org\/parroquia\/index.php\/wp-json\/wp\/v2\/users\/1"}],"replies":[{"embeddable":true,"href":"https:\/\/parroquiadepuertodenieto.org\/parroquia\/index.php\/wp-json\/wp\/v2\/comments?post=185"}],"version-history":[{"count":4,"href":"https:\/\/parroquiadepuertodenieto.org\/parroquia\/index.php\/wp-json\/wp\/v2\/pages\/185\/revisions"}],"predecessor-version":[{"id":213,"href":"https:\/\/parroquiadepuertodenieto.org\/parroquia\/index.php\/wp-json\/wp\/v2\/pages\/185\/revisions\/213"}],"up":[{"embeddable":true,"href":"https:\/\/parroquiadepuertodenieto.org\/parroquia\/index.php\/wp-json\/wp\/v2\/pages\/119"}],"wp:attachment":[{"href":"https:\/\/parroquiadepuertodenieto.org\/parroquia\/index.php\/wp-json\/wp\/v2\/media?parent=185"}],"curies":[{"name":"wp","href":"https:\/\/api.w.org\/{rel}","templated":true}]}}