{"id":13,"date":"2024-03-26T19:11:43","date_gmt":"2024-03-26T19:11:43","guid":{"rendered":"https:\/\/parroquiadepuertodenieto.org\/parroquia\/?page_id=13"},"modified":"2025-01-24T13:50:48","modified_gmt":"2025-01-24T19:50:48","slug":"contacto","status":"publish","type":"page","link":"https:\/\/parroquiadepuertodenieto.org\/parroquia\/index.php\/contacto\/","title":{"rendered":"Contacto"},"content":{"rendered":"\n<div class=\"wp-block-columns  cols-single-sm gap-30 pt-2 pb-4 is-layout-flex wp-container-core-columns-is-layout-9d6595d7 wp-block-columns-is-layout-flex\">\n<div class=\"wp-block-column is-layout-flow wp-block-column-is-layout-flow\">\n<figure class=\"wp-block-image aligncenter size-large is-resized mb-0\"><img decoding=\"async\" src=\"https:\/\/parroquiadepuertodenieto.org\/parroquia\/wp-content\/themes\/exs\/assets\/img\/mail-outline.png\" alt=\"\" class=\"wp-image-501\" style=\"width:38px;height:38px\"\/><\/figure>\n\n\n\n<h4 class=\"wp-block-heading has-text-align-center mt-05 mb-0\"><strong>E-mail<\/strong><\/h4>\n\n\n\n<p class=\"has-text-align-center mt-1\"><a href=\"mailto:oficina@parroquiadepuertodenieto.org\">oficina@parroquiadepuertodenieto.org <\/a><\/p>\n<\/div>\n\n\n\n<div class=\"wp-block-column is-layout-flow wp-block-column-is-layout-flow\">\n<figure class=\"wp-block-image aligncenter size-large is-resized mb-0\"><img decoding=\"async\" src=\"https:\/\/parroquiadepuertodenieto.org\/parroquia\/wp-content\/themes\/exs\/assets\/img\/call-outline.png\" alt=\"\" class=\"wp-image-524\" style=\"width:38px;height:38px\"\/><\/figure>\n\n\n\n<h4 class=\"wp-block-heading has-text-align-center mt-05 mb-0\"><strong>Tel\u00e9fono<\/strong><\/h4>\n\n\n\n<p class=\"has-text-align-center mt-1\"><a href=\"tel:+524151857609\">+52-415-1857609<\/a><\/p>\n<\/div>\n\n\n\n<div class=\"wp-block-column is-layout-flow wp-block-column-is-layout-flow\">\n<figure class=\"wp-block-image aligncenter size-large is-resized mb-0\"><img decoding=\"async\" src=\"https:\/\/parroquiadepuertodenieto.org\/parroquia\/wp-content\/themes\/exs\/assets\/img\/location-outline.png\" alt=\"\" class=\"wp-image-502\" style=\"width:38px;height:38px\"\/><\/figure>\n\n\n\n<h4 class=\"wp-block-heading has-text-align-center mt-05 mb-0\"><strong>Ubicaci\u00f3n<\/strong><\/h4>\n\n\n\n<p class=\"has-text-align-center mt-1\">Jos\u00e9 Mar\u00eda Morelos #1, Puerto de Nieto, Guanajuato, C.P. 37887, M\u00e9xico.<\/p>\n<\/div>\n\n\n\n<div class=\"wp-block-column is-layout-flow wp-block-column-is-layout-flow\">\n<figure class=\"wp-block-image aligncenter size-large is-resized mb-0\"><img decoding=\"async\" src=\"https:\/\/parroquiadepuertodenieto.org\/parroquia\/wp-content\/themes\/exs\/assets\/img\/alarm-outline.png\" alt=\"\" class=\"wp-image-500\" style=\"width:38px;height:38px\"\/><\/figure>\n\n\n\n<h4 class=\"wp-block-heading has-text-align-center mt-05 mb-0\"><strong>Horarios<\/strong><\/h4>\n\n\n\n<p class=\"has-text-align-center mt-1\">MIERCOLES A SABADO<strong>:<\/strong> <\/p>\n\n\n\n<p class=\"has-text-align-center mt-1\">9:00 AM A 2:00 PM<\/p>\n\n\n\n<p class=\"has-text-align-center mt-1\">5:00 PM A 7:00 PM<\/p>\n<\/div>\n<\/div>\n\n\n\n<iframe src=\"https:\/\/www.google.com\/maps\/embed?pb=!1m13!1m8!1m3!1d1997.2383940376621!2d-100.538178!3d20.890938!3m2!1i1024!2i768!4f13.1!3m2!1m1!2zMjDCsDUzJzI3LjkiTiAxMDDCsDMyJzE3LjEiVw!5e1!3m2!1sen!2smx!4v1711513289316!5m2!1sen!2smx\" width=\"600\" height=\"450\" style=\"border:0;\" allowfullscreen=\"\" loading=\"lazy\" referrerpolicy=\"no-referrer-when-downgrade\"><\/iframe>\n","protected":false},"excerpt":{"rendered":"<p>E-mail oficina@parroquiadepuertodenieto.org Tel\u00e9fono +52-415-1857609 Ubicaci\u00f3n Jos\u00e9 Mar\u00eda Morelos #1, Puerto de Nieto, Guanajuato, C.P.<span class=\"more-dots\">&#8230;<\/span><\/p>\n","protected":false},"author":1,"featured_media":0,"parent":0,"menu_order":0,"comment_status":"closed","ping_status":"closed","template":"","meta":{"footnotes":""},"class_list":["post-13","page","type-page","status-publish","hentry","no-post-thumbnail"],"_links":{"self":[{"href":"https:\/\/parroquiadepuertodenieto.org\/parroquia\/index.php\/wp-json\/wp\/v2\/pages\/13","targetHints":{"allow":["GET"]}}],"collection":[{"href":"https:\/\/parroquiadepuertodenieto.org\/parroquia\/index.php\/wp-json\/wp\/v2\/pages"}],"about":[{"href":"https:\/\/parroquiadepuertodenieto.org\/parroquia\/index.php\/wp-json\/wp\/v2\/types\/page"}],"author":[{"embeddable":true,"href":"https:\/\/parroquiadepuertodenieto.org\/parroquia\/index.php\/wp-json\/wp\/v2\/users\/1"}],"replies":[{"embeddable":true,"href":"https:\/\/parroquiadepuertodenieto.org\/parroquia\/index.php\/wp-json\/wp\/v2\/comments?post=13"}],"version-history":[{"count":8,"href":"https:\/\/parroquiadepuertodenieto.org\/parroquia\/index.php\/wp-json\/wp\/v2\/pages\/13\/revisions"}],"predecessor-version":[{"id":225,"href":"https:\/\/parroquiadepuertodenieto.org\/parroquia\/index.php\/wp-json\/wp\/v2\/pages\/13\/revisions\/225"}],"wp:attachment":[{"href":"https:\/\/parroquiadepuertodenieto.org\/parroquia\/index.php\/wp-json\/wp\/v2\/media?parent=13"}],"curies":[{"name":"wp","href":"https:\/\/api.w.org\/{rel}","templated":true}]}}